t is the remainder when 902881 is divided by 1889?
1828
What is the remainder when 4334069 is divided by 75?
44
Calculate the remainder when 54499778 is divided by 28.
18
What is the remainder when 91587764 is divided by 91587744?
20
What is the remainder when 15894621 is divided by 243?
234
What is the remainder when 193956714 is divided by 64652235?
9
What is the remainder when 3614070 is divided by 9984?
9846
What is the remainder when 4784970 is divided by 808?
802
What is the remainder when 341157 is divided by 655?
557
What is the remainder when 566242 is divided by 234?
196
Calculate the remainder when 29866179 is divided by 9955389.
12
Calculate the remainder when 59300405 is divided by 398.
395
What is the remainder when 73490831 is divided by 18?
17
Calculate the remainder when 46923 is divided by 5335.
4243
Calculate the remainder when 174669 is divided by 207.
168
What is the remainder when 5464140 is divided by 102?
0
Calculate the remainder when 2467117 is divided by 274123.
10
Calculate the remainder when 365098 is divided by 879.
313
What is the remainder when 214660 is divided by 212959?
1701
What is the remainder when 4134203 is divided by 81?
44
Calculate the remainder when 5786398 is divided by 2398.
24
Calculate the remainder when 8599898 is divided by 6052.
6
Calculate the remainder when 147371 is divided by 3772.
263
Calculate the remainder when 49014706 is divided by 2457.
13
What is the remainder when 2064618 is divided by 294943?
17
Calculate the remainder when 229818 is divided by 114329.
1160
What is the remainder when 327297 is divided by 36357?
84
Calculate the remainder when 613140 is divided by 613137.
3
What is the remainder when 495542 is divided by 165044?
410
What is the remainder when 4300153 is divided by 100002?
67
Calculate the remainder when 30847933 is divided by 279.
19
Calculate the remainder when 1170488 is divided by 50881.
225
Calculate the remainder when 131814103 is divided by 36.
31
Calculate the remainder when 8884210 is divided by 8884194.
16
What is the remainder when 276818 is divided by 34505?
778
What is the remainder when 5163966 is divided by 87?
81
What is the remainder when 14156678 is divided by 624?
614
What is the remainder when 2832165 is divided by 1415900?
365
Calculate the remainder when 189950228 is divided by 74.
72
Calculate the remainder when 44674 is divided by 2372.
1978
What is the remainder when 3878814 is divided by 1484?
1122
Calculate the remainder when 57505319 is divided by 6.
5
What is the remainder when 3738305 is divided by 211?
18
What is the remainder when 149069700 is divided by 14?
10
Calculate the remainder when 893545 is divided by 83.
50
What is the remainder when 6819213 is divided by 1319?
1302
What is the remainder when 4988 is divided by 2087?
814
Calculate the remainder when 26557 is divided by 23568.
2989
Calculate the remainder when 476076 is divided by 22632.
804
Calculate the remainder when 48203 is divided by 46776.
1427
What is the remainder when 121727 is divided by 60842?
43
Calculate the remainder when 9927607 is divided by 156.
79
Calculate the remainder when 2795370 is divided by 429.
6
Calculate the remainder when 4494 is divided by 404.
50
Calculate the remainder when 354624 is divided by 59096.
48
What is the remainder when 10833840 is divided by 71275?
40
Calculate the remainder when 399590 is divided by 13771.
231
What is the remainder when 24281726 is divided by 990?
986
Calculate the remainder when 1818664 is divided by 845.
224
What is the remainder when 16706642 is divided by 54419?
9
What is the remainder when 8382522 is divided by 2095629?
6
Calculate the remainder when 98298687 is divided by 1553.
1552
What is the remainder when 131457 is divided by 1909?
1645
Calculate the remainder when 5114307 is divided by 4192.
67
What is the remainder when 1003877 is divided by 250965?
17
Calculate the remainder when 38421 is divided by 388.
9
What is the remainder when 2626461 is divided by 1121?
1079
What is the remainder when 79955 is divided by 5310?
305
Calculate the remainder when 597177 is divided by 7756.
7721
Calculate the remainder when 108194 is divided by 8310.
164
What is the remainder when 1726484948 is divided by 7?
6
What is the remainder when 431296 is divided by 488?
392
What is the remainder when 675676 is divided by 135076?
296
What is the remainder when 7515970 is divided by 1252661?
4
What is the remainder when 113375 is divided by 56315?
745
What is the remainder when 1369493 is divided by 6648?
5
Calculate the remainder when 162251 is divided by 162078.
173
What is the remainder when 15658228 is divided by 7829065?
98
What is the remainder when 5607246 is divided by 1693?
30
Calculate the remainder when 3142199 is divided by 523696.
23
What is the remainder when 1963281 is divided by 21?
12
What is the remainder when 280690 is divided by 7017?
10
What is the remainder when 5863767 is divided by 223?
205
Calculate the remainder when 176328 is divided by 2418.
2232
Calculate the remainder when 7035844 is divided by 1426.
1386
Calculate the remainder when 1192789 is divided by 109.
2
What is the remainder when 2098147 is divided by 1023?
997
Calculate the remainder when 538166 is divided by 28324.
10
Calculate the remainder when 111785 is divided by 27514.
1729
Calculate the remainder when 658896 is divided by 104.
56
Calculate the remainder when 632781 is divided by 4190.
91
Calculate the remainder when 55641869 is divided by 383.
12
What is the remainder when 359612 is divided by 179805?
2
Calculate the remainder when 192921 is divided by 621.
411
What is the remainder when 9880648 is divided by 180?
88
What is the remainder when 3338537 is divided by 26082?
41
Calculate the remainder when 195627 is divided by 21598.
1245
What is the remainder when 428467 is divided by 218?
97
What is the remainder when 22875341 is divided by 1305?
1301
Calculate the remainder when 15869745 is divided by 2739.
2718
Calculate the remainder when 13804122 is divided by 2300672.
90
Calculate the remainder when 1613798 is divided by 118.
30
What is the remainder when 43003664 is divided by 5315?
5314
Calculate the remainder when 110776690 is divided by 42970.
30
What is the remainder when 132880 is divided by 6960?
640
What is the remainder when 23719069 is divided by 11859534?
1
What is the remainder when 4189 is divided by 3195?
994
What is the remainder when 179933158 is divided by 225?
208
What is the remainder when 101919858 is divided by 19914?
6
Calculate the remainder when 64663 is divided by 23.
10
What is the remainder when 120017 is divided by 467?
465
Calculate the remainder when 293707230 is divided by 544.
542
What is the remainder when 228372513 is divided by 758?
757
Calculate the remainder when 1416214 is divided by 708090.
34
What is the remainder when 335218 is divided by 55846?
142
What is the remainder when 39910 is divided by 1434?
1192
Calculate the remainder when 493132499 is divided by 105.
104
Calculate the remainder when 15377180 is divided by 44.
16
What is the remainder when 130517978 is divided by 65258979?
20
Calculate the remainder when 49475 is divided by 3278.
305
What is the remainder when 152726222 is divided by 7387?
7384
Calculate the remainder when 95862 is divided by 499.
54
Calculate the remainder when 5024530 is divided by 11291.
35
What is the remainder when 1405943433 is divided by 283?
282
Calculate the remainder when 1488381 is divided by 495587.
1620
What is the remainder when 2221905 is divided by 1110807?
291
Calculate the remainder when 83647 is divided by 2609.
159
What is the remainder when 12733952 is divided by 274?
76
Calculate the remainder when 4242447 is divided by 1883.
48
What is the remainder when 436183 is divided by 9480?
103
What is the remainder when 361953 is divided by 350?
53
Calculate the remainder when 22646 is divided by 5517.
578
Calculate the remainder when 3149044 is divided by 51.
49
Calculate the remainder when 32172 is divided by 1423.
866
Calculate the remainder when 3916769 is divided by 715.
714
Calculate the remainder when 404968 is divided by 1977.
1660
Calculate the remainder when 37249007 is divided by 57661.
1
What is the remainder when 1600486507 i